is the remainder when 45 is divided by 3?
0
Calculate the remainder when 4740 is divided by 51.
48
Calculate the remainder when 573 is divided by 195.
183
What is the remainder when 146 is divided by 38?
32
What is the remainder when 12 is divided by 9?
3
What is the remainder when 213 is divided by 12?
9
What is the remainder when 8416 is divided by 48?
16
Calculate the remainder when 38154 is divided by 7.
4
Calculate the remainder when 1154 is divided by 35.
34
Calculate the remainder when 178 is divided by 15.
13
What is the remainder when 46 is divided by 26?
20
Calculate the remainder when 47 is divided by 7.
5
Calculate the remainder when 313 is divided by 80.
73
What is the remainder when 214 is divided by 45?
34
What is the remainder when 283 is divided by 13?
10
Calculate the remainder when 96 is divided by 40.
16
What is the remainder when 22247 is divided by 89?
86
Calculate the remainder when 4625 is divided by 18.
17
Calculate the remainder when 226 is divided by 43.
11
What is the remainder when 55 is divided by 18?
1
Calculate the remainder when 2878 is divided by 48.
46
Calculate the remainder when 776 is divided by 19.
16
Calculate the remainder when 1524 is divided by 504.
12
What is the remainder when 132 is divided by 131?
1
Calculate the remainder when 635 is divided by 12.
11
Calculate the remainder when 883 is divided by 882.
1
Calculate the remainder when 529 is divided by 140.
109
Calculate the remainder when 261 is divided by 225.
36
What is the remainder when 1367 is divided by 24?
23
What is the remainder when 29805 is divided by 23?
20
What is the remainder when 78 is divided by 20?
18
What is the remainder when 372 is divided by 154?
64
Calculate the remainder when 2512 is divided by 229.
222
Calculate the remainder when 1484 is divided by 165.
164
What is the remainder when 64 is divided by 16?
0
What is the remainder when 956 is divided by 30?
26
What is the remainder when 526 is divided by 4?
2
Calculate the remainder when 20 is divided by 8.
4
Calculate the remainder when 17486 is divided by 4369.
10
What is the remainder when 11586 is divided by 3854?
24
What is the remainder when 47494 is divided by 34?
30
Calculate the remainder when 234 is divided by 56.
10
Calculate the remainder when 417 is divided by 12.
9
Calculate the remainder when 1147 is divided by 279.
31
What is the remainder when 4205 is divided by 42?
5
What is the remainder when 5169 is divided by 22?
21
What is the remainder when 342 is divided by 69?
66
What is the remainder when 829 is divided by 139?
134
What is the remainder when 686 is divided by 141?
122
What is the remainder when 435 is divided by 110?
105
What is the remainder when 1579 is divided by 12?
7
What is the remainder when 30 is divided by 18?
12
Calculate the remainder when 4172 is divided by 107.
106
What is the remainder when 701 is divided by 32?
29
What is the remainder when 109 is divided by 14?
11
Calculate the remainder when 66357 is divided by 42.
39
Calculate the remainder when 1221 is divided by 47.
46
Calculate the remainder when 364 is divided by 93.
85
Calculate the remainder when 9419 is divided by 157.
156
Calculate the remainder when 200 is divided by 57.
29
Calculate the remainder when 59 is divided by 28.
3
Calculate the remainder when 45 is divided by 15.
0
Calculate the remainder when 121 is divided by 26.
17
Calculate the remainder when 1932 is divided by 215.
212
What is the remainder when 125 is divided by 14?
13
What is the remainder when 1403 is divided by 5?
3
What is the remainder when 4685 is divided by 70?
65
What is the remainder when 3701 is divided by 17?
12
Calculate the remainder when 742 is divided by 24.
22
Calculate the remainder when 105 is divided by 46.
13
Calculate the remainder when 460 is divided by 58.
54
What is the remainder when 882 is divided by 36?
18
What is the remainder when 327 is divided by 110?
107
Calculate the remainder when 29 is divided by 27.
2
What is the remainder when 948 is divided by 186?
18
Calculate the remainder when 693 is divided by 161.
49
What is the remainder when 116 is divided by 16?
4
Calculate the remainder when 15344 is divided by 99.
98
What is the remainder when 9742 is divided by 21?
19
What is the remainder when 135 is divided by 90?
45
Calculate the remainder when 1747 is divided by 53.
51
What is the remainder when 1125 is divided by 29?
23
What is the remainder when 191 is divided by 12?
11
What is the remainder when 772 is divided by 387?
385
Calculate the remainder when 771 is divided by 101.
64
Calculate the remainder when 96 is divided by 25.
21
What is the remainder when 343 is divided by 15?
13
Calculate the remainder when 214 is divided by 43.
42
What is the remainder when 77 is divided by 20?
17
Calculate the remainder when 690 is divided by 11.
8
Calculate the remainder when 216 is divided by 52.
8
Calculate the remainder when 224 is divided by 38.
34
What is the remainder when 74 is divided by 24?
2
What is the remainder when 1352 is divided by 194?
188
Calculate the remainder when 82 is divided by 56.
26
What is the remainder when 319 is divided by 14?
11
Calculate the remainder when 286 is divided by 73.
67
Calculate the remainder when 209 is divided by 51.
5
What is the remainder when 4609 is divided by 355?
349
What is the remainder when 2229 is divided by 222?
9
Calculate the remainder when 269 is divided by 20.
9
Calculate the remainder when 1555 is divided by 10.
5
What is the remainder when 667 is divided by 19?
2
Calculate the remainder when 1642 is divided by 96.
10
What is the remainder when 58 is divided by 15?
13
What is the remainder when 51 is divided by 31?
20
What is the remainder when 266 is divided by 84?
14
Calculate the remainder when 355 is divided by 165.
25
What is the remainder when 220 is divided by 14?
10
Calculate the remainder when 829 is divided by 357.
115
Calculate the remainder when 100 is divided by 34.
32
What is the remainder when 814 is divided by 12?
10
Calculate the remainder when 283 is divided by 117.
49
What is the remainder when 2959 is divided by 129?
121
Calculate the remainder when 13 is divided by 12.
1
What is the remainder when 11237 is divided by 29?
14
Calculate the remainder when 54 is divided by 51.
3
What is the remainder when 285 is divided by 22?
21
What is the remainder when 126 is divided by 26?
22
Calculate the remainder when 173 is divided by 11.
8
Calculate the remainder when 34 is divided by 33.
1
What is the remainder when 902 is divided by 135?
92
What is the remainder when 333 is divided by 81?
9
Calculate the remainder when 9447 is divided by 27.
24
Calculate the remainder when 380 is divided by 64.
60
What is the remainder when 139 is divided by 97?
42
Calculate the remainder when 419 is divided by 169.
81
Calculate the remainder when 496 is divided by 22.
12
Calculate the remainder when 263 is divided by 56.
39
Calculate the remainder when 567 is divided by 55.
17
What is the remainder when 115 is divided by 60?
55
What is the remainder when 210 is divided by 117?
93
What is the remainder when 314 is divided by 29?
24
What is the remainder when 2157 is divided by 17?
15
What is the remainder when 12 is divided by 10?
2
Calculate the remainder when 2789 is divided by 163.
18
Calculate the remainder when 430 is divided by 181.
68
Calculate the remainder when 209 is divided by 63.
20
Calculate the remainder when 27 is divided by 20.
7
Calculate the remainder when 112 is divided by 3.
1
Calculate the remainder when 251 is divided by 64.
59
What is the remainder when 92 is divided by 53?
39
Calculate the remainder when 1090 is divided by 28.
26
What is the remainder when 1111 is divided by 57?
28
Calculate the remainder when 149 is divided by 79.
70
What is the remainder when 291 is divided by 59?
55
Calculate the remainder when 34 is divided by 33.
1
Calculate the remainder when 596 is divided by 189.
29
Calculate the remainder when 182 is divided by 23.
21
What is the remainder when 3361 is divided by 86?
7
What is the remainder when 776 is divided by 81?
47
What is the remainder when 53817 is divided by 90?
87
What is the remainder when 309 is divided by 62?
61
Calculate the remainder when 123 is divided by 16